the prime factors of 7312929680.
2, 5, 7, 13058803
List the prime factors of 183143042.
2, 7331, 12491
What are the prime factors of 238103576?
2, 491, 60617
What are the prime factors of 982131580?
2, 5, 1483, 33113
List the prime factors of 894204203.
894204203
What are the prime factors of 484180850?
2, 5, 2017, 4801
List the prime factors of 42913811.
42913811
What are the prime factors of 5314197?
3, 7, 36151
What are the prime factors of 3681613?
13, 173, 1637
What are the prime factors of 2987524277?
79, 37816763
What are the prime factors of 634892714?
2, 19, 89, 347, 541
List the prime factors of 106778156.
2, 17, 1570267
What are the prime factors of 967059911?
31, 1361, 22921
List the prime factors of 208003629.
3, 4421, 15683
What are the prime factors of 1474479486?
2, 3, 81915527
List the prime factors of 1388674226.
2, 694337113
List the prime factors of 2103888196.
2, 525972049
What are the prime factors of 882522861?
3, 11, 67, 399151
List the prime factors of 134661283.
149, 317, 2851
List the prime factors of 55234164.
2, 3, 4602847
List the prime factors of 68592536.
2, 8574067
List the prime factors of 693677609.
73, 9502433
What are the prime factors of 55466710?
2, 5, 13, 131, 3257
What are the prime factors of 1610179176?
2, 3, 457, 146807
List the prime factors of 93029895.
3, 5, 7, 295333
What are the prime factors of 16307336?
2, 2038417
List the prime factors of 489187107.
3, 6039347
What are the prime factors of 881519122?
2, 11, 17, 47, 97
List the prime factors of 135313921.
37, 61, 167, 359
List the prime factors of 405794009.
67, 263, 23029
List the prime factors of 5142499681.
11, 467499971
List the prime factors of 2418513890.
2, 5, 13, 1093, 17021
What are the prime factors of 401256952?
2, 1031, 48649
What are the prime factors of 59379692?
2, 113, 131371
List the prime factors of 212222964.
2, 3, 17685247
What are the prime factors of 2265316921?
7, 323616703
What are the prime factors of 199205768?
2, 79, 315199
List the prime factors of 1131780426.
2, 3, 7, 31, 89, 9767
What are the prime factors of 650684335?
5, 7, 241, 77141
What are the prime factors of 10847608?
2, 197, 6883
List the prime factors of 815942340.
2, 3, 5, 461, 9833
List the prime factors of 34530855.
3, 5, 1237, 1861
What are the prime factors of 115028490?
2, 3, 5, 3834283
List the prime factors of 2039964.
2, 3, 139, 1223
List the prime factors of 78286872.
2, 3, 71, 45943
What are the prime factors of 1242613529?
71, 17501599
What are the prime factors of 782505900?
2, 3, 5, 11, 26347
List the prime factors of 18568558.
2, 9284279
List the prime factors of 32897248.
2, 89, 11551
What are the prime factors of 24819938?
2, 11, 13, 86783
List the prime factors of 514576865.
5, 11, 9355943
What are the prime factors of 2357216219?
39217, 60107
List the prime factors of 316585051.
31, 10212421
List the prime factors of 24575095.
5, 31, 331, 479
What are the prime factors of 32668550?
2, 5, 61, 10711
List the prime factors of 163794520.
2, 5, 647, 6329
What are the prime factors of 120542376?
2, 3, 17, 439, 673
List the prime factors of 43726565.
5, 23, 380231
List the prime factors of 1900085493.
3, 109, 5810659
What are the prime factors of 135853961?
89, 1526449
List the prime factors of 468941785.
5, 13, 127, 56807
What are the prime factors of 846157736?
2, 37, 2858641
List the prime factors of 112014646.
2, 23, 29, 83969
What are the prime factors of 55507290?
2, 3, 5, 1850243
List the prime factors of 9100635699.
3, 23, 37, 3564683
What are the prime factors of 501987261?
3, 167329087
List the prime factors of 212792215.
5, 31, 487, 2819
List the prime factors of 3160270840.
2, 5, 23, 277, 12401
List the prime factors of 4628641.
17, 31, 8783
What are the prime factors of 261169572?
2, 3, 17, 223, 5741
What are the prime factors of 1023771801?
3, 13, 26250559
What are the prime factors of 2305635648?
2, 3, 12008519
List the prime factors of 107974173.
3, 71, 449, 1129
What are the prime factors of 496205602?
2, 29, 47, 182027
What are the prime factors of 550862014?
2, 275431007
List the prime factors of 175559838.
2, 3, 29259973
What are the prime factors of 1696438339?
409, 4147771
What are the prime factors of 930639068?
2, 4639, 50153
List the prime factors of 98822170.
2, 5, 43, 229819
What are the prime factors of 2072957003?
13, 1999, 79769
What are the prime factors of 58918083?
3, 7, 137, 20479
List the prime factors of 32891493.
3, 47, 479, 487
What are the prime factors of 1819227543?
3, 7, 47, 1843189
What are the prime factors of 44709017?
409, 109313
List the prime factors of 2043010868.
2, 661, 772697
List the prime factors of 522013734.
2, 3, 11, 457, 641
List the prime factors of 331389016.
2, 7, 5917661
What are the prime factors of 1749442557?
3, 587, 993437
What are the prime factors of 32194066?
2, 23, 607, 1153
What are the prime factors of 3419997720?
2, 3, 5, 19, 211, 7109
What are the prime factors of 30799213?
31, 239, 4157
List the prime factors of 453376457.
31, 14625047
What are the prime factors of 48140839?
907, 53077
What are the prime factors of 7000425335?
5, 1931, 725057
List the prime factors of 643113.
3, 23819
What are the prime factors of 4402261756?
2, 1619, 679781
List the prime factors of 1738286119.
113, 15383063
List the prime factors of 52916978.
2, 41, 645329
What are the prime factors of 32037652?
2, 53, 151121
List the prime factors of 124866337.
277, 353, 1277
What are the prime factors of 199662649?
199662649
List the prime factors of 43160898.
2, 3, 11, 181, 3613
What are the prime factors of 70867418?
2, 35433709
List the prime factors of 254305395.
3, 5, 53, 106627
What are the prime factors of 1030914645?
3, 5, 68727643
List the prime factors of 3083431084.
2, 770857771
List the prime factors of 25646561.
19, 223, 6053
List the prime factors of 63431546.
2, 89, 367, 971
What are the prime factors of 168437041?
168437041
What are the prime factors of 1010199941?
241, 4191701
What are the prime factors of 1665860068?
2, 1319, 315743
What are the prime factors of 69288211?
337, 205603
List the prime factors of 92838664.
2, 433, 26801
List the prime factors of 78808106.
2, 13, 1741
List the prime factors of 178020582.
2, 3, 59, 502883
List the prime factors of 1229322451.
7, 175617493
What are the prime factors of 489536934?
2, 3, 31, 2631919
What are the prime factors of 6962530177?
6962530177
List the prime factors of 2032193227.
59, 659, 52267
List the prime factors of 1885336025.
5, 75413441
What are the prime factors of 40593878?
2, 13, 1561303
What are the prime factors of 8208831?
3, 31, 61, 1447
List the prime factors of 4108850128.
2, 151, 1700683
What are the prime factors of 34923882?
2, 3, 7, 17, 41, 1193
What are the prime factors of 101922987?
3, 157, 216397
What are the prime factors of 30683951?
30683951
List the prime factors of 91335261.
3, 19, 1213, 1321
List the prime factors of 21216895.
5, 7, 163, 3719
List the prime factors of 187191335.
5, 17, 421, 5231
List the prime factors of 339666847.
13, 43, 1087
List the prime factors of 1484148085.
5, 7, 42404231
What are the prime factors of 1398005375?
5, 13, 860311
List the prime factors of 4422130.
2, 5, 109, 4057
What are the prime factors of 435272117?
7, 62181731
List the prime factors of 77191286.
2, 1733, 22271
List the prime factors of 4767983.
11, 433453
List the prime factors of 1131186565.
5, 19, 293, 40639
List the prime factors of 553125684.
2, 3, 31, 43, 151, 229
List the prime factors of 664849064.
2, 11, 19, 31, 101, 127
List the prime factors of 28747297.
3539, 8123
List the prime factors of 349150492.
2, 87287623
List the prime factors of 321748665.
3, 5, 7, 227, 13499
List the prime factors of 463095568.
2, 13, 2226421
What are the prime factors of 3621772960?
2, 5, 13, 269, 6473
What are the prime factors of 2594781141?
3, 607, 827, 1723
What are the prime factors of 1905231324?
2, 3, 71, 2236187
What are the prime factors of 293485799?
19, 15446621
List the prime factors of 2253450513.
3, 8867, 84713
What are the prime factors of 461160280?
2, 5, 7, 1647001
What are the prime factors of 102568611?
3, 179, 409, 467
What are the prime factors of 852786067?
7, 1759, 69259
List the prime factor